{"id":719,"date":"2025-04-18T11:08:13","date_gmt":"2025-04-18T11:08:13","guid":{"rendered":"https:\/\/maja37.pl\/?page_id=719"},"modified":"2025-04-18T11:08:13","modified_gmt":"2025-04-18T11:08:13","slug":"opis","status":"publish","type":"page","link":"https:\/\/maja37.pl\/index.php\/opis\/","title":{"rendered":"OPIS"},"content":{"rendered":"\n<p><strong>Zapraszamy na wypoczynek w przestronnym apartamencie<br>w malowniczych g\u00f3rach \u2013 Rudawach Janowickich!<\/strong><\/p>\n\n\n\n<p>Nasz dom po\u0142o\u017cony jest <strong>z dala od g\u0142\u00f3wnej drogi<\/strong>, w otoczeniu p\u00f3l i lasu.<\/p>\n\n\n\n<p>Do dyspozycji go\u015bci mamy <strong>przestronne wn\u0119trze<\/strong> sk\u0142adaj\u0105ce si\u0119 z dw\u00f3ch pokoi (dwu- i trzyosobowego) \u0142azienki oraz pokoju dziennego z wyposa\u017conym aneksem kuchennym i elektrycznym kominkiem.<\/p>\n\n\n\n<p>Na wyposa\u017cenie kuchni sk\u0142adaj\u0105 si\u0119: <strong>naczynia, sztu\u0107ce, dwupalnikowa kuchenka elektryczna, ch\u0142odziarko-zamra\u017carka, mikrofal\u00f3wka, czajnik elektryczny, ekspres do kawy, toster, p\u0142yn do naczy\u0144, \u015bciereczka i g\u0105bka do naczy\u0144.<\/strong><\/p>\n\n\n\n<p>Na wyposa\u017ceniu apartamentu r\u00f3wnie\u017c <strong>suszarka do w\u0142os\u00f3w, \u017celazko, deska do prasowania.<\/strong><\/p>\n\n\n\n<p>W pokoju dziennym znajduje si\u0119 <strong>telewizor<\/strong>, znajdziesz u nas r\u00f3wnie\u017c <strong>biblioteczk\u0119 <\/strong>z ciekawymi tytu\u0142ami, <strong>materia\u0142y promocyjne<\/strong> (Rudawy Janowickie, Karkonosze) oraz gry <strong>planszowe<\/strong>.<\/p>\n\n\n\n<p>Oferujemy r\u00f3wnie\u017c <strong>bezp\u0142atny dost\u0119p do Internetu.<\/strong> Pok\u00f3j trzyosobowy oraz pok\u00f3j dzienny posiadaj\u0105 <strong>balkon<\/strong>.<\/p>\n\n\n\n<p>Udogodnienia dla dzieci: \u0142<strong>\u00f3\u017ceczko turystyczne (na \u017cyczenie), krzese\u0142ko do karmienia (na \u017cyczenie), wanienka (na \u017cyczenie), nocnik, podn\u00f3\u017cek \u0142azienkowy, zestaw naczy\u0144 (sztu\u0107ce, miseczka, talerzyk), dwie sztuki sanek.<\/strong><\/p>\n\n\n\n<p>Przy domu znajduje si\u0119 <strong>altana<\/strong>, gdzie mo\u017cna odpocz\u0105\u0107 po wyczerpuj\u0105cych w\u0119dr\u00f3wkach, <strong>miejsce na ognisko<\/strong> oraz <strong>hu\u015btawka i mini plac zabaw<\/strong> (dwie hu\u015btawki, zje\u017cd\u017calnia, drabinka).<\/p>\n\n\n\n<p>Teren jest ogrodzony; <strong>miejsce parkingowe<\/strong> na posesji.<\/p>\n\n\n\n<p><strong>Blisko\u015b\u0107 szlak\u00f3w turystycznych<\/strong>, prowadz\u0105cych m.in na Zamek Bolcz\u00f3w, Kolorowe Jeziorka, Staro\u015bci\u0144skie Ska\u0142y, Piec, Skalny Most, Sokolik i Krzy\u017cn\u0105 G\u00f3r\u0119, sprawia, \u017ce wystarczy zaledwie kilka minut by m\u00f3c wkroczy\u0107 na wytyczon\u0105 tras\u0119 i odkrywa\u0107 pi\u0119kno naszej okolicy. To idealne miejsce na rodzinne wyprawy o ka\u017cdej porze roku. Warto r\u00f3wnie\u017c zabra\u0107 ze sob\u0105 dwa k\u00f3\u0142ka. Czekaj\u0105 na was liczne trasy rowerowe, o zr\u00f3\u017cnicowanym stopniu trudno\u015bci.<\/p>\n\n\n\n<p>Rudawy Janowickie s\u0105 wymarzonym terenem do uprawiania <strong>wspinaczki ska\u0142kowej.<\/strong> Tu swoje pierwsze kroki stawia\u0142a m.in. s\u0142ynna polska himalaistka Wanda Rutkiewicz.<\/p>\n\n\n\n<p>W odleg\u0142o\u015bci kilkudziesi\u0119ciu metr\u00f3w od domu znajduje si\u0119 <strong>teren rekreacyjny <\/strong>z zewn\u0119trzn\u0105 si\u0142owni\u0105, sto\u0142em do tenisa, plansz\u0105 do gry w szachy i chi\u0144czyka oraz boiskiem do gry w bule, a kawa\u0142ek dalej \u2013 plac zabaw i boisko do gry w siatk\u00f3wk\u0119.<\/p>\n\n\n\n<p>W Miedziance \u2013 s\u0105siedniej miejscowo\u015bci, kt\u00f3r\u0105 dla \u015bwiata odkry\u0142 w swojej ksi\u0105\u017cce \u201eMiedzianka historia znikania\u201d Filip Springer \u2013 mo\u017cna napi\u0107 si\u0119 w browarze <strong>lokalnego piwa<\/strong>.<\/p>\n\n\n\n<p>Janowice Wielkie to <strong>doskona\u0142a baza wypadowa<\/strong>. W odleg\u0142o\u015bci kilkunastu min. znajdziemy takie pere\u0142ki jak Dolina Pa\u0142ac\u00f3w i Ogrod\u00f3w, Kolorowe Jeziorka, Jelenia G\u00f3ra (Termy Cieplickie) Karpacz , Karkonosze, Kowary (Park Miniatur Dolnego \u015al\u0105ska, dawne sztolnie uranu)<\/p>\n\n\n\n<p>W bliskiej odleg\u0142o\u015bci znajduj\u0105 si\u0119<strong> o\u015brodki narciarskie<\/strong>: Karpacz, Czarn\u00f3w, Stru\u017cnica, \u0141ysa G\u00f3ra w Dziwiszowie. Do Jakuszyc \u2013 krajowego centrum narciarstwa biegowego mo\u017cna dojecha\u0107 poci\u0105giem.<\/p>\n\n\n\n<p>Zaledwie 10 km od Janowic Wielkich w Pa\u0142acu Wojan\u00f3w dzia\u0142a kryty basen<\/p>\n\n\n\n<p>Gospodarzami s\u0105 u nas zwierz\u0119ta \u2013 pies Rubik oraz koty: R\u00f3zga i Rokita.<\/p>\n\n\n\n<p>W mieszkaniu obowi\u0105zuje ca\u0142kowity zakaz palenia, poza wyznaczonymi miejscami na obu balkonach.<\/p>\n\n\n\n<p>Akceptujemy (za dodatkow\u0105 op\u0142at\u0105) pobyt z niekt\u00f3ymi zwierz\u0119tami.<\/p>\n\n\n\n<p>Doba rozpoczyna si\u0119 o godz. 16 w dniu przyjazdu i ko\u0144czy o godz. 11 w dniu wyjazdu. Wcze\u015bniejszy przyjazd i p\u00f3\u017aniejszy wyjazd mo\u017cliwe po uzgodnieniu.<\/p>\n\n\n\n<p>Cena uzale\u017cniona jest od terminu i liczby os\u00f3b.<\/p>\n","protected":false},"excerpt":{"rendered":"<p>Zapraszamy na wypoczynek w przestronnym apartamenciew malowniczych g\u00f3rach \u2013 Rudawach Janowickich! Nasz dom po\u0142o\u017cony jest z dala od g\u0142\u00f3wnej drogi, w otoczeniu p\u00f3l i lasu. Do dyspozycji go\u015bci mamy przestronne wn\u0119trze sk\u0142adaj\u0105ce si\u0119 z dw\u00f3ch pokoi (dwu- i trzyosobowego) \u0142azienki oraz pokoju dziennego z wyposa\u017conym aneksem kuchennym i elektrycznym kominkiem. Na wyposa\u017cenie kuchni sk\u0142adaj\u0105 si\u0119: &hellip; <a href=\"https:\/\/maja37.pl\/index.php\/opis\/\" class=\"more-link\">Czytaj dalej<span class=\"screen-reader-text\"> OPIS<\/span><\/a><\/p>\n","protected":false},"author":1,"featured_media":0,"parent":0,"menu_order":0,"comment_status":"closed","ping_status":"closed","template":"","meta":[],"_links":{"self":[{"href":"https:\/\/maja37.pl\/index.php\/wp-json\/wp\/v2\/pages\/719"}],"collection":[{"href":"https:\/\/maja37.pl\/index.php\/wp-json\/wp\/v2\/pages"}],"about":[{"href":"https:\/\/maja37.pl\/index.php\/wp-json\/wp\/v2\/types\/page"}],"author":[{"embeddable":true,"href":"https:\/\/maja37.pl\/index.php\/wp-json\/wp\/v2\/users\/1"}],"replies":[{"embeddable":true,"href":"https:\/\/maja37.pl\/index.php\/wp-json\/wp\/v2\/comments?post=719"}],"version-history":[{"count":1,"href":"https:\/\/maja37.pl\/index.php\/wp-json\/wp\/v2\/pages\/719\/revisions"}],"predecessor-version":[{"id":720,"href":"https:\/\/maja37.pl\/index.php\/wp-json\/wp\/v2\/pages\/719\/revisions\/720"}],"wp:attachment":[{"href":"https:\/\/maja37.pl\/index.php\/wp-json\/wp\/v2\/media?parent=719"}],"curies":[{"name":"wp","href":"https:\/\/api.w.org\/{rel}","templated":true}]}}